{"id":110240,"date":"2026-03-30T16:00:09","date_gmt":"2026-03-30T16:00:09","guid":{"rendered":"https:\/\/profitstore.pl\/index.php\/produkt\/myjka-nasaczona-mydlem-2\/"},"modified":"2026-03-30T16:00:12","modified_gmt":"2026-03-30T16:00:12","slug":"myjka-nasaczona-mydlem-2","status":"publish","type":"product","link":"https:\/\/profitstore.pl\/index.php\/produkt\/myjka-nasaczona-mydlem-2\/","title":{"rendered":"Myjka nas\u0105czona myd\u0142em"},"content":{"rendered":"","protected":false},"excerpt":{"rendered":"<p>Myjki jednorazowe dla chorych\u00a0wykonane s\u0105 w 100% z mi\u0119kkich w\u0142\u00f3kien poliestrowych nas\u0105czonych myd\u0142em o naturalnym PH.<\/p>\n","protected":false},"featured_media":111659,"template":"","meta":[],"_links":{"self":[{"href":"https:\/\/profitstore.pl\/index.php\/wp-json\/wp\/v2\/product\/110240"}],"collection":[{"href":"https:\/\/profitstore.pl\/index.php\/wp-json\/wp\/v2\/product"}],"about":[{"href":"https:\/\/profitstore.pl\/index.php\/wp-json\/wp\/v2\/types\/product"}],"wp:featuredmedia":[{"embeddable":true,"href":"https:\/\/profitstore.pl\/index.php\/wp-json\/wp\/v2\/media\/111659"}],"wp:attachment":[{"href":"https:\/\/profitstore.pl\/index.php\/wp-json\/wp\/v2\/media?parent=110240"}],"curies":[{"name":"wp","href":"https:\/\/api.w.org\/{rel}","templated":true}]}}