{"id":110048,"date":"2026-04-20T07:21:29","date_gmt":"2026-04-20T07:21:29","guid":{"rendered":"https:\/\/profitstore.pl\/index.php\/produkt\/filtr-eu5-ventaxia-kinetic-advance-365x135\/"},"modified":"2026-04-20T07:21:30","modified_gmt":"2026-04-20T07:21:30","slug":"filtr-eu5-ventaxia-kinetic-advance-365x135","status":"publish","type":"product","link":"https:\/\/profitstore.pl\/index.php\/produkt\/filtr-eu5-ventaxia-kinetic-advance-365x135\/","title":{"rendered":"Filtr EU5 VENTaxia Kinetic Advance (365&#215;135)"},"content":{"rendered":"<p>Filtr p\u0142aski klasy\u00a0 G4\/EU4 \u00a0o wymiarach\u00a0 590&#215;190 \u00a0pasuj\u0105cy do centrali\u00a0 WANAS: 550 V\/2 550 H\/2 Filtry s\u0105 zamiennikami, nazwy producent\u00f3w i modeli urz\u0105dze\u0144 zosta\u0142y wykorzystane jedynie do identyfikacji produktu<\/p>\n<p>Poni\u017cej przedstawiamy sprzedawany produkt:<\/p>\n<p><img src=\"https:\/\/pureventfilters.eu\/3921-large_default\/filtr-eu5-ventaxia-kinetic-advance-365x135.jpg\" alt=\"Filtr EU5 VENTaxia Kinetic Advance (365x135)\" \/><\/p>\n","protected":false},"excerpt":{"rendered":"<p>Filtr p\u0142aski klasy\u00a0 G4\/EU4 \u00a0o wymiarach\u00a0 590&#215;190 \u00a0pasuj\u0105cy do centrali\u00a0 WANAS: 550 V\/2 550 H\/2 Filtry s\u0105 zamiennikami, nazwy producent\u00f3w i modeli urz\u0105dze\u0144 zosta\u0142y wykorzystane jedynie do identyfikacji produktu Poni\u017cej przedstawiamy sprzedawany produkt:<\/p>\n","protected":false},"featured_media":111398,"template":"","meta":[],"_links":{"self":[{"href":"https:\/\/profitstore.pl\/index.php\/wp-json\/wp\/v2\/product\/110048"}],"collection":[{"href":"https:\/\/profitstore.pl\/index.php\/wp-json\/wp\/v2\/product"}],"about":[{"href":"https:\/\/profitstore.pl\/index.php\/wp-json\/wp\/v2\/types\/product"}],"wp:featuredmedia":[{"embeddable":true,"href":"https:\/\/profitstore.pl\/index.php\/wp-json\/wp\/v2\/media\/111398"}],"wp:attachment":[{"href":"https:\/\/profitstore.pl\/index.php\/wp-json\/wp\/v2\/media?parent=110048"}],"curies":[{"name":"wp","href":"https:\/\/api.w.org\/{rel}","templated":true}]}}