{"id":108003,"date":"2024-03-28T12:13:59","date_gmt":"2024-03-28T12:13:59","guid":{"rendered":"https:\/\/profitstore.pl\/index.php\/produkt\/agrowloknina-czarna-p50-08m-x-1mb-3\/"},"modified":"2024-03-28T12:14:22","modified_gmt":"2024-03-28T12:14:22","slug":"agrowloknina-czarna-p50-08m-x-1mb-3","status":"publish","type":"product","link":"https:\/\/profitstore.pl\/index.php\/produkt\/agrowloknina-czarna-p50-08m-x-1mb-3\/","title":{"rendered":"Agrow\u0142\u00f3knina czarna P50 0,8m x 1MB"},"content":{"rendered":"<p>Poni\u017cej przedstawiamy sprzedawany produkt:<\/p>\n<p><img src=\"https:\/\/noweogrody.pl\/36462-large_default\/agrowloknina-czarna-p50-08m-x-1mb.jpg\" alt=\"Agrow\u0142\u00f3knina czarna P50 0,8m x 1MB\" \/><\/p>\n","protected":false},"excerpt":{"rendered":"<p>Poni\u017cej przedstawiamy sprzedawany produkt:<\/p>\n","protected":false},"featured_media":0,"template":"","meta":[],"_links":{"self":[{"href":"https:\/\/profitstore.pl\/index.php\/wp-json\/wp\/v2\/product\/108003"}],"collection":[{"href":"https:\/\/profitstore.pl\/index.php\/wp-json\/wp\/v2\/product"}],"about":[{"href":"https:\/\/profitstore.pl\/index.php\/wp-json\/wp\/v2\/types\/product"}],"wp:attachment":[{"href":"https:\/\/profitstore.pl\/index.php\/wp-json\/wp\/v2\/media?parent=108003"}],"curies":[{"name":"wp","href":"https:\/\/api.w.org\/{rel}","templated":true}]}}