{"id":107790,"date":"2024-09-23T06:35:54","date_gmt":"2024-09-23T06:35:54","guid":{"rendered":"https:\/\/profitstore.pl\/index.php\/produkt\/miniszklarenka-ms-313145-56-otworow-3\/"},"modified":"2024-09-23T06:36:17","modified_gmt":"2024-09-23T06:36:17","slug":"miniszklarenka-ms-313145-56-otworow-3","status":"publish","type":"product","link":"https:\/\/profitstore.pl\/index.php\/produkt\/miniszklarenka-ms-313145-56-otworow-3\/","title":{"rendered":"Miniszklarenka MS 31*31*45\/56 otwor\u00f3w"},"content":{"rendered":"<p>Wielodoniczka z 56 kom\u00f3rkami przeznaczona dla amator\u00f3w i hobbyst\u00f3w ogrodnictwa, pozwala na uzyskanie wysokiej jako\u015bci rozsad warzyw i kwiat\u00f3w oraz na ukorzenianie sadzonek zielnych w warunkach domowych. Miniszklarenka stwarza optymalne warunki mikroklimatyczne dla kie\u0142kowania nasion, rozwoju siewek oraz ukorzeniania sadzonek zielnych, w warunkach domowych. Otrzymane w miniszklarence ro\u015bliny posiadaj\u0105 w\u0142asne, zwarte bry\u0142ki korzeniowe, dzi\u0119ki kt\u00f3rym s\u0105 wyr\u00f3wnane, \u0142atwiej przyjmuj\u0105 si\u0119 przy wysadzeniu na miejsce sta\u0142e i nie przywi\u0119duj\u0105 w pierwszych dniach po wysadzeniu. W sk\u0142ad miniszklarenki wchodz\u0105: &#8211; kuweta odbieraj\u0105ca nadmiar wody spod wielodoniczki (mo\u017ce pos\u0142u\u017cy\u0107 tak\u017ce jako kuweta wysiewna dla gatunk\u00f3w o drobnych nasionach &#8211; przykrywka z wysokoprzezroczystego tworzywa, zapewnia utrzymanie sta\u0142ej wysokiej wilgotno\u015bci powietrza, nieograniczaj\u0105c dost\u0119pu \u015bwiat\u0142a &#8211; pod\u0142o\u017ce przygotowane z udzia\u0142em torfu wysokiego, w\u0142\u00f3kien kokosowych i perlitu<\/p>\n<p>Poni\u017cej przedstawiamy sprzedawany produkt:<\/p>\n<p><img src=\"https:\/\/noweogrody.pl\/32169-large_default\/miniszklarenka-ms-313145-56-otworow.jpg\" alt=\"Miniszklarenka MS 31*31*45\/56 otwor\u00f3w\" \/><\/p>\n","protected":false},"excerpt":{"rendered":"<p>Wielodoniczka z 56 kom\u00f3rkami przeznaczona dla amator\u00f3w i hobbyst\u00f3w ogrodnictwa, pozwala na uzyskanie wysokiej jako\u015bci rozsad warzyw i kwiat\u00f3w oraz na ukorzenianie sadzonek zielnych w warunkach domowych. Miniszklarenka stwarza optymalne warunki mikroklimatyczne dla kie\u0142kowania nasion, rozwoju siewek oraz ukorzeniania sadzonek zielnych, w warunkach domowych. Otrzymane w miniszklarence ro\u015bliny posiadaj\u0105 w\u0142asne, zwarte bry\u0142ki korzeniowe, dzi\u0119ki kt\u00f3rym s\u0105 wyr\u00f3wnane, \u0142atwiej przyjmuj\u0105 si\u0119 przy wysadzeniu na miejsce sta\u0142e i nie przywi\u0119duj\u0105 w pierwszych dniach po wysadzeniu. W sk\u0142ad miniszklarenki wchodz\u0105: &#8211; kuweta odbieraj\u0105ca nadmiar wody spod wielodoniczki (mo\u017ce pos\u0142u\u017cy\u0107 tak\u017ce jako kuweta wysiewna dla gatunk\u00f3w o drobnych nasionach &#8211; przykrywka z wysokoprzezroczystego tworzywa, zapewnia utrzymanie sta\u0142ej wysokiej wilgotno\u015bci powietrza, nieograniczaj\u0105c dost\u0119pu \u015bwiat\u0142a &#8211; pod\u0142o\u017ce przygotowane z udzia\u0142em torfu wysokiego, w\u0142\u00f3kien kokosowych i perlitu<\/p>\n","protected":false},"featured_media":96634,"template":"","meta":[],"_links":{"self":[{"href":"https:\/\/profitstore.pl\/index.php\/wp-json\/wp\/v2\/product\/107790"}],"collection":[{"href":"https:\/\/profitstore.pl\/index.php\/wp-json\/wp\/v2\/product"}],"about":[{"href":"https:\/\/profitstore.pl\/index.php\/wp-json\/wp\/v2\/types\/product"}],"wp:featuredmedia":[{"embeddable":true,"href":"https:\/\/profitstore.pl\/index.php\/wp-json\/wp\/v2\/media\/96634"}],"wp:attachment":[{"href":"https:\/\/profitstore.pl\/index.php\/wp-json\/wp\/v2\/media?parent=107790"}],"curies":[{"name":"wp","href":"https:\/\/api.w.org\/{rel}","templated":true}]}}