{"id":107495,"date":"2024-09-23T06:28:45","date_gmt":"2024-09-23T06:28:45","guid":{"rendered":"https:\/\/profitstore.pl\/index.php\/produkt\/kwazar-dysza-nakretka-3\/"},"modified":"2024-09-23T06:28:51","modified_gmt":"2024-09-23T06:28:51","slug":"kwazar-dysza-nakretka-3","status":"publish","type":"product","link":"https:\/\/profitstore.pl\/index.php\/produkt\/kwazar-dysza-nakretka-3\/","title":{"rendered":"Kwazar- Dysza + nakr\u0119tka"},"content":{"rendered":"<p>Dysza z nakr\u0119tk\u0105 przeznaczona do opryskiwaczy: -Orion -Neptun -R\u00f3\u017ca &nbsp; -S\u0142onecznik<\/p>\n<p>Poni\u017cej przedstawiamy sprzedawany produkt:<\/p>\n<p><img src=\"https:\/\/noweogrody.pl\/38984-large_default\/kwazar-dysza-nakretka.jpg\" alt=\"Kwazar- Dysza + nakr\u0119tka\" \/><\/p>\n","protected":false},"excerpt":{"rendered":"<p>Dysza z nakr\u0119tk\u0105 przeznaczona do opryskiwaczy: -Orion -Neptun -R\u00f3\u017ca &nbsp; -S\u0142onecznik<\/p>\n","protected":false},"featured_media":115018,"template":"","meta":[],"_links":{"self":[{"href":"https:\/\/profitstore.pl\/index.php\/wp-json\/wp\/v2\/product\/107495"}],"collection":[{"href":"https:\/\/profitstore.pl\/index.php\/wp-json\/wp\/v2\/product"}],"about":[{"href":"https:\/\/profitstore.pl\/index.php\/wp-json\/wp\/v2\/types\/product"}],"wp:featuredmedia":[{"embeddable":true,"href":"https:\/\/profitstore.pl\/index.php\/wp-json\/wp\/v2\/media\/115018"}],"wp:attachment":[{"href":"https:\/\/profitstore.pl\/index.php\/wp-json\/wp\/v2\/media?parent=107495"}],"curies":[{"name":"wp","href":"https:\/\/api.w.org\/{rel}","templated":true}]}}