{"id":107491,"date":"2024-03-28T11:18:00","date_gmt":"2024-03-28T11:18:00","guid":{"rendered":"https:\/\/profitstore.pl\/index.php\/produkt\/kwazar-belka-3-dyszowa-3\/"},"modified":"2024-03-28T11:19:10","modified_gmt":"2024-03-28T11:19:10","slug":"kwazar-belka-3-dyszowa-3","status":"publish","type":"product","link":"https:\/\/profitstore.pl\/index.php\/produkt\/kwazar-belka-3-dyszowa-3\/","title":{"rendered":"Kwazar- Belka 3 dyszowa"},"content":{"rendered":"<p>Przy\u0142\u0105cze 3-dyszowe &#8211; KWAZAR &nbsp; Przy\u0142\u0105cze 3-dyszowe przeznaczone jest do wykonywania zabieg\u00f3w ochrony ro\u015blin w uprawach rz\u0119dowych, plantacjach truskawek, trawnikach i innych terenach zielonych. Przy\u0142\u0105cze posiada trzy dysze wirowe typu HC rozmieszczone w odst\u0119pach co oko\u0142o 50 cm. Dzi\u0119ki kilku dyszom skraca si\u0119 czas pracy, a przy tym zwi\u0119ksza efektywno\u015b\u0107 i dok\u0142adno\u015b\u0107 przeprowadzanych zabieg\u00f3w. &nbsp; Produkt pasuje do opryskiwaczy firmy KWAZAR serii: Orion, Neptune.<\/p>\n<p>Poni\u017cej przedstawiamy sprzedawany produkt:<\/p>\n<p><img src=\"https:\/\/noweogrody.pl\/17956-large_default\/kwazar-belka-3-dyszowa.jpg\" alt=\"Kwazar- Belka 3 dyszowa\" \/><\/p>\n","protected":false},"excerpt":{"rendered":"<p>Przy\u0142\u0105cze 3-dyszowe &#8211; KWAZAR &nbsp; Przy\u0142\u0105cze 3-dyszowe przeznaczone jest do wykonywania zabieg\u00f3w ochrony ro\u015blin w uprawach rz\u0119dowych, plantacjach truskawek, trawnikach i innych terenach zielonych. Przy\u0142\u0105cze posiada trzy dysze wirowe typu HC rozmieszczone w odst\u0119pach co oko\u0142o 50 cm. Dzi\u0119ki kilku dyszom skraca si\u0119 czas pracy, a przy tym zwi\u0119ksza efektywno\u015b\u0107 i dok\u0142adno\u015b\u0107 przeprowadzanych zabieg\u00f3w. &nbsp; Produkt pasuje do opryskiwaczy firmy KWAZAR serii: Orion, Neptune.<\/p>\n","protected":false},"featured_media":61091,"template":"","meta":[],"_links":{"self":[{"href":"https:\/\/profitstore.pl\/index.php\/wp-json\/wp\/v2\/product\/107491"}],"collection":[{"href":"https:\/\/profitstore.pl\/index.php\/wp-json\/wp\/v2\/product"}],"about":[{"href":"https:\/\/profitstore.pl\/index.php\/wp-json\/wp\/v2\/types\/product"}],"wp:featuredmedia":[{"embeddable":true,"href":"https:\/\/profitstore.pl\/index.php\/wp-json\/wp\/v2\/media\/61091"}],"wp:attachment":[{"href":"https:\/\/profitstore.pl\/index.php\/wp-json\/wp\/v2\/media?parent=107491"}],"curies":[{"name":"wp","href":"https:\/\/api.w.org\/{rel}","templated":true}]}}