{"id":107030,"date":"2024-09-23T06:17:48","date_gmt":"2024-09-23T06:17:48","guid":{"rendered":"https:\/\/profitstore.pl\/index.php\/produkt\/agronas-facelia-blekitna-stala-1kg-3\/"},"modified":"2024-09-23T06:17:53","modified_gmt":"2024-09-23T06:17:53","slug":"agronas-facelia-blekitna-stala-1kg-3","status":"publish","type":"product","link":"https:\/\/profitstore.pl\/index.php\/produkt\/agronas-facelia-blekitna-stala-1kg-3\/","title":{"rendered":"Agronas- Facelia b\u0142\u0119kitna Stala 1kg"},"content":{"rendered":"<p>Poni\u017cej przedstawiamy sprzedawany produkt:<\/p>\n<p><img src=\"https:\/\/noweogrody.pl\/37816-large_default\/agronas-facelia-blekitna-stala-1kg.jpg\" alt=\"Agronas- Facelia b\u0142\u0119kitna Stala 1kg\" \/><\/p>\n","protected":false},"excerpt":{"rendered":"<p>Poni\u017cej przedstawiamy sprzedawany produkt:<\/p>\n","protected":false},"featured_media":114776,"template":"","meta":[],"_links":{"self":[{"href":"https:\/\/profitstore.pl\/index.php\/wp-json\/wp\/v2\/product\/107030"}],"collection":[{"href":"https:\/\/profitstore.pl\/index.php\/wp-json\/wp\/v2\/product"}],"about":[{"href":"https:\/\/profitstore.pl\/index.php\/wp-json\/wp\/v2\/types\/product"}],"wp:featuredmedia":[{"embeddable":true,"href":"https:\/\/profitstore.pl\/index.php\/wp-json\/wp\/v2\/media\/114776"}],"wp:attachment":[{"href":"https:\/\/profitstore.pl\/index.php\/wp-json\/wp\/v2\/media?parent=107030"}],"curies":[{"name":"wp","href":"https:\/\/api.w.org\/{rel}","templated":true}]}}