{"id":106778,"date":"2024-09-23T06:11:50","date_gmt":"2024-09-23T06:11:50","guid":{"rendered":"https:\/\/profitstore.pl\/index.php\/produkt\/marolex-opryskiwacz-9l-profesion-3\/"},"modified":"2024-09-23T06:11:56","modified_gmt":"2024-09-23T06:11:56","slug":"marolex-opryskiwacz-9l-profesion-3","status":"publish","type":"product","link":"https:\/\/profitstore.pl\/index.php\/produkt\/marolex-opryskiwacz-9l-profesion-3\/","title":{"rendered":"Marolex- Opryskiwacz 9l profesion"},"content":{"rendered":"<p>Uniwersalne urz\u0105dzenia Profession doskonale sprawdzaj\u0105 si\u0119 w pracach ochronnych i piel\u0119gnacyjnych. &nbsp; S\u0105 idealne do pracy w ogrodzie, na dzia\u0142ce, w sadach, uprawach warzywnych i w szklarniach G\u0142\u00f3wnym ich przeznaczeniem jest aplikacja p\u0142ynnych \u015brodk\u00f3w ochrony ro\u015blin, w tym nawoz\u00f3w dolistnych oraz rozpuszczalnych substancji zapewniaj\u0105cych ochron\u0119 przed chorobami, chwastami oraz szkodnikami. &nbsp; Wszystkie opryskiwacze Profession posiadaj\u0105 d\u0142ug\u0105 lanc\u0119 teleskopow\u0105 wyposa\u017con\u0105 w APS-System zapobiegaj\u0105cy dostawaniu si\u0119 do niej zanieczyszcze\u0144. Dzi\u0119ki takim innowacjom s\u0105 one uznawane za jedne z najbardziej niezawodnych urz\u0105dzenia tego typu na rynku. Warto tu wspomnie\u0107, i\u017c wszystkie opryskiwacze oraz ich podzespo\u0142y przechodz\u0105 wielostopniow\u0105 kontrol\u0119 jako\u015bci w procesie produkcji. Cz\u0119\u015bci zamienne i szeroki asortyment wyposa\u017cenia dodatkowego jest obecnie dost\u0119pny w setkach punkt\u00f3w sprzeda\u017cy. &nbsp; Wyposa\u017cenie: &nbsp; lanca teleskopowa 80-135 cm z dysz\u0105 regulowan\u0105 1,5 mm dodatkowa dysza MR1.0 &#8211; 1,0 mm lejek wlewu cieczy z sitkiem filtruj\u0105cym smar silikonowy dodatkowy zestaw cz\u0119\u015bci zamiennych opakowanie &#8211; pe\u0142nokolorowy karton i folia Zastosowanie: szk\u00f3\u0142ki ogrody sady domowe kwietniki &nbsp; &nbsp;<\/p>\n<p>Poni\u017cej przedstawiamy sprzedawany produkt:<\/p>\n<p><img src=\"https:\/\/noweogrody.pl\/39501-large_default\/marolex-opryskiwacz-9l-profesion.jpg\" alt=\"Marolex- Opryskiwacz 9l profesion\" \/><\/p>\n","protected":false},"excerpt":{"rendered":"<p>Uniwersalne urz\u0105dzenia Profession doskonale sprawdzaj\u0105 si\u0119 w pracach ochronnych i piel\u0119gnacyjnych. &nbsp; S\u0105 idealne do pracy w ogrodzie, na dzia\u0142ce, w sadach, uprawach warzywnych i w szklarniach G\u0142\u00f3wnym ich przeznaczeniem jest aplikacja p\u0142ynnych \u015brodk\u00f3w ochrony ro\u015blin, w tym nawoz\u00f3w dolistnych oraz rozpuszczalnych substancji zapewniaj\u0105cych ochron\u0119 przed chorobami, chwastami oraz szkodnikami. &nbsp; Wszystkie opryskiwacze Profession posiadaj\u0105 d\u0142ug\u0105 lanc\u0119 teleskopow\u0105 wyposa\u017con\u0105 w APS-System zapobiegaj\u0105cy dostawaniu si\u0119 do niej zanieczyszcze\u0144. Dzi\u0119ki takim innowacjom s\u0105 one uznawane za jedne z najbardziej niezawodnych urz\u0105dzenia tego typu na rynku. Warto tu wspomnie\u0107, i\u017c wszystkie opryskiwacze oraz ich podzespo\u0142y przechodz\u0105 wielostopniow\u0105 kontrol\u0119 jako\u015bci w procesie produkcji. Cz\u0119\u015bci zamienne i szeroki asortyment wyposa\u017cenia dodatkowego jest obecnie dost\u0119pny w setkach punkt\u00f3w sprzeda\u017cy. &nbsp; Wyposa\u017cenie: &nbsp; lanca teleskopowa 80-135 cm z dysz\u0105 regulowan\u0105 1,5 mm dodatkowa dysza MR1.0 &#8211; 1,0 mm lejek wlewu cieczy z sitkiem filtruj\u0105cym smar silikonowy dodatkowy zestaw cz\u0119\u015bci zamiennych opakowanie &#8211; pe\u0142nokolorowy karton i folia Zastosowanie: szk\u00f3\u0142ki ogrody sady domowe kwietniki &nbsp; &nbsp;<\/p>\n","protected":false},"featured_media":114651,"template":"","meta":[],"_links":{"self":[{"href":"https:\/\/profitstore.pl\/index.php\/wp-json\/wp\/v2\/product\/106778"}],"collection":[{"href":"https:\/\/profitstore.pl\/index.php\/wp-json\/wp\/v2\/product"}],"about":[{"href":"https:\/\/profitstore.pl\/index.php\/wp-json\/wp\/v2\/types\/product"}],"wp:featuredmedia":[{"embeddable":true,"href":"https:\/\/profitstore.pl\/index.php\/wp-json\/wp\/v2\/media\/114651"}],"wp:attachment":[{"href":"https:\/\/profitstore.pl\/index.php\/wp-json\/wp\/v2\/media?parent=106778"}],"curies":[{"name":"wp","href":"https:\/\/api.w.org\/{rel}","templated":true}]}}