{"id":106776,"date":"2024-09-23T06:11:50","date_gmt":"2024-09-23T06:11:50","guid":{"rendered":"https:\/\/profitstore.pl\/index.php\/produkt\/marolex-przedluzacz-60cm-r04mx-60-3\/"},"modified":"2024-09-23T06:11:54","modified_gmt":"2024-09-23T06:11:54","slug":"marolex-przedluzacz-60cm-r04mx-60-3","status":"publish","type":"product","link":"https:\/\/profitstore.pl\/index.php\/produkt\/marolex-przedluzacz-60cm-r04mx-60-3\/","title":{"rendered":"Marolex- Przed\u0142u\u017cacz 60cm R04mx\/60"},"content":{"rendered":"<p>Wzmacniany oplotem w\u0105\u017c przed\u0142u\u017caj\u0105cy (zast\u0119puje 170cm standardowy w\u0105\u017c) W\u0105\u017c pasuje do modeli opryskiwaczy kompresyjnych 5, 7, 9, 12 l Marolex: &#8211; Profession, &#8211; Auto-Myjka, &#8211; Hobby,<\/p>\n<p>Poni\u017cej przedstawiamy sprzedawany produkt:<\/p>\n<p><img src=\"https:\/\/noweogrody.pl\/30066-large_default\/marolex-przedluzacz-60cm-r04mx-60.jpg\" alt=\"Marolex- Przed\u0142u\u017cacz 60cm R04mx\/60\" \/><\/p>\n","protected":false},"excerpt":{"rendered":"<p>Wzmacniany oplotem w\u0105\u017c przed\u0142u\u017caj\u0105cy (zast\u0119puje 170cm standardowy w\u0105\u017c) W\u0105\u017c pasuje do modeli opryskiwaczy kompresyjnych 5, 7, 9, 12 l Marolex: &#8211; Profession, &#8211; Auto-Myjka, &#8211; Hobby,<\/p>\n","protected":false},"featured_media":0,"template":"","meta":[],"_links":{"self":[{"href":"https:\/\/profitstore.pl\/index.php\/wp-json\/wp\/v2\/product\/106776"}],"collection":[{"href":"https:\/\/profitstore.pl\/index.php\/wp-json\/wp\/v2\/product"}],"about":[{"href":"https:\/\/profitstore.pl\/index.php\/wp-json\/wp\/v2\/types\/product"}],"wp:attachment":[{"href":"https:\/\/profitstore.pl\/index.php\/wp-json\/wp\/v2\/media?parent=106776"}],"curies":[{"name":"wp","href":"https:\/\/api.w.org\/{rel}","templated":true}]}}