{"id":106615,"date":"2024-09-23T06:08:03","date_gmt":"2024-09-23T06:08:03","guid":{"rendered":"https:\/\/profitstore.pl\/index.php\/produkt\/paletka-tacka-pod-wielodoniczke-plytka-h-35-3\/"},"modified":"2024-09-23T06:08:14","modified_gmt":"2024-09-23T06:08:14","slug":"paletka-tacka-pod-wielodoniczke-plytka-h-35-3","status":"publish","type":"product","link":"https:\/\/profitstore.pl\/index.php\/produkt\/paletka-tacka-pod-wielodoniczke-plytka-h-35-3\/","title":{"rendered":"Paletka- Tacka pod wielodoniczk\u0119 p\u0142ytka h-35"},"content":{"rendered":"<p>Podstawka pod wielodoniczk\u0119 H-35. Wymiary zewn\u0119trzne: 315 x 525 mm.<\/p>\n<p>Poni\u017cej przedstawiamy sprzedawany produkt:<\/p>\n<p><img src=\"https:\/\/noweogrody.pl\/38979-large_default\/paletka-tacka-pod-wielodoniczke-plytka-h-35.jpg\" alt=\"Paletka- Tacka pod wielodoniczk\u0119 p\u0142ytka h-35\" \/><\/p>\n","protected":false},"excerpt":{"rendered":"<p>Podstawka pod wielodoniczk\u0119 H-35. Wymiary zewn\u0119trzne: 315 x 525 mm.<\/p>\n","protected":false},"featured_media":114568,"template":"","meta":[],"_links":{"self":[{"href":"https:\/\/profitstore.pl\/index.php\/wp-json\/wp\/v2\/product\/106615"}],"collection":[{"href":"https:\/\/profitstore.pl\/index.php\/wp-json\/wp\/v2\/product"}],"about":[{"href":"https:\/\/profitstore.pl\/index.php\/wp-json\/wp\/v2\/types\/product"}],"wp:featuredmedia":[{"embeddable":true,"href":"https:\/\/profitstore.pl\/index.php\/wp-json\/wp\/v2\/media\/114568"}],"wp:attachment":[{"href":"https:\/\/profitstore.pl\/index.php\/wp-json\/wp\/v2\/media?parent=106615"}],"curies":[{"name":"wp","href":"https:\/\/api.w.org\/{rel}","templated":true}]}}