{"id":106429,"date":"2024-09-23T06:04:39","date_gmt":"2024-09-23T06:04:39","guid":{"rendered":"https:\/\/profitstore.pl\/index.php\/produkt\/kaptur-zimowy-agro-gf-80x120cm-3\/"},"modified":"2024-09-23T06:04:56","modified_gmt":"2024-09-23T06:04:56","slug":"kaptur-zimowy-agro-gf-80x120cm-3","status":"publish","type":"product","link":"https:\/\/profitstore.pl\/index.php\/produkt\/kaptur-zimowy-agro-gf-80x120cm-3\/","title":{"rendered":"Kaptur zimowy Agro GF 80x120cm"},"content":{"rendered":"<p>Kaptur ochronny z agrow\u0142okniny 80x120cm 50g UV w kolorze bia\u0142ym z zaci\u0105giem, 120cm wysoko\u015b\u0107 Kapturki idealnie nadaj\u0105 si\u0119 do okrywania ro\u015blin doniczkowych i tych w gruncie, wysoka gramatura 50g\/m2 i zaci\u0105g&nbsp;gwarantuje bardzo dobr\u0105 ochron\u0119 przed mrozem i wiatrem. KAPTURKI POSIADAJ\u0104 STABILIZACJ\u0118 UV (niezb\u0119dn\u0105 przy bezpo\u015brednim kontakcie ze szkodliwym dzia\u0142aniem promieni ultrafioletowych) Silne podmuchy mro\u017anego wiatru stanowi\u0105 du\u017ce niebezpiecze\u0144stwo &#8211; wiatr powoduje intensywne parowanie wody z li\u015bci i igie\u0142. Ro\u015bliny zaczynaj\u0105 wysycha\u0107 poniewa\u017c nie s\u0105 w stanie pobra\u0107 dostatecznej ilo\u015bci wody z zamarzni\u0119tej gleby. Z tego powodu ig\u0142y u iglak\u00f3w schn\u0105 na mrozie, a na wiosn\u0119 s\u0105 w bardzo z\u0142ej kondycji. Wi\u0119kszo\u015b\u0107 z w\/w ro\u015blin stopniowo si\u0119 regeneruje, potrzeba im jednak kilku miesi\u0119cy zanim nabior\u0105 \u0142adnego wygl\u0105du. KAPTUR NACI\u0104GA SI\u0118 BEZPO\u015aREDNIO NA RO\u015aLIN\u0118 I ZACI\u0104GA SI\u0118 GO ZA POMOC\u0104 WSZYTEGO SZNURKA, KT\u00d3RY POZWALA W KILKA SEKUND&nbsp; ZABEZPIECZY\u0106 RO\u015aLIN\u0118 NAWET PODCZAS SILNYCH PORYW\u00d3W WIATR\u00d3W<\/p>\n<p>Poni\u017cej przedstawiamy sprzedawany produkt:<\/p>\n<p><img src=\"https:\/\/noweogrody.pl\/31066-large_default\/kaptur-zimowy-agro-gf-80x120cm.jpg\" alt=\"Kaptur zimowy Agro GF 80x120cm\" \/><\/p>\n","protected":false},"excerpt":{"rendered":"<p>Kaptur ochronny z agrow\u0142okniny 80x120cm 50g UV w kolorze bia\u0142ym z zaci\u0105giem, 120cm wysoko\u015b\u0107 Kapturki idealnie nadaj\u0105 si\u0119 do okrywania ro\u015blin doniczkowych i tych w gruncie, wysoka gramatura 50g\/m2 i zaci\u0105g&nbsp;gwarantuje bardzo dobr\u0105 ochron\u0119 przed mrozem i wiatrem. KAPTURKI POSIADAJ\u0104 STABILIZACJ\u0118 UV (niezb\u0119dn\u0105 przy bezpo\u015brednim kontakcie ze szkodliwym dzia\u0142aniem promieni ultrafioletowych) Silne podmuchy mro\u017anego wiatru stanowi\u0105 du\u017ce niebezpiecze\u0144stwo &#8211; wiatr powoduje intensywne parowanie wody z li\u015bci i igie\u0142. Ro\u015bliny zaczynaj\u0105 wysycha\u0107 poniewa\u017c nie s\u0105 w stanie pobra\u0107 dostatecznej ilo\u015bci wody z zamarzni\u0119tej gleby. Z tego powodu ig\u0142y u iglak\u00f3w schn\u0105 na mrozie, a na wiosn\u0119 s\u0105 w bardzo z\u0142ej kondycji. Wi\u0119kszo\u015b\u0107 z w\/w ro\u015blin stopniowo si\u0119 regeneruje, potrzeba im jednak kilku miesi\u0119cy zanim nabior\u0105 \u0142adnego wygl\u0105du. KAPTUR NACI\u0104GA SI\u0118 BEZPO\u015aREDNIO NA RO\u015aLIN\u0118 I ZACI\u0104GA SI\u0118 GO ZA POMOC\u0104 WSZYTEGO SZNURKA, KT\u00d3RY POZWALA W KILKA SEKUND&nbsp; ZABEZPIECZY\u0106 RO\u015aLIN\u0118 NAWET PODCZAS SILNYCH PORYW\u00d3W WIATR\u00d3W<\/p>\n","protected":false},"featured_media":114474,"template":"","meta":[],"_links":{"self":[{"href":"https:\/\/profitstore.pl\/index.php\/wp-json\/wp\/v2\/product\/106429"}],"collection":[{"href":"https:\/\/profitstore.pl\/index.php\/wp-json\/wp\/v2\/product"}],"about":[{"href":"https:\/\/profitstore.pl\/index.php\/wp-json\/wp\/v2\/types\/product"}],"wp:featuredmedia":[{"embeddable":true,"href":"https:\/\/profitstore.pl\/index.php\/wp-json\/wp\/v2\/media\/114474"}],"wp:attachment":[{"href":"https:\/\/profitstore.pl\/index.php\/wp-json\/wp\/v2\/media?parent=106429"}],"curies":[{"name":"wp","href":"https:\/\/api.w.org\/{rel}","templated":true}]}}