{"id":102723,"date":"2026-04-30T17:13:08","date_gmt":"2026-04-30T17:13:08","guid":{"rendered":"https:\/\/profitstore.pl\/index.php\/produkt\/filtr-eu5-do-tecna-rce-6500-v-ec-800x350x48\/"},"modified":"2026-04-30T17:13:09","modified_gmt":"2026-04-30T17:13:09","slug":"filtr-eu5-do-tecna-rce-6500-v-ec-800x350x48","status":"publish","type":"product","link":"https:\/\/profitstore.pl\/index.php\/produkt\/filtr-eu5-do-tecna-rce-6500-v-ec-800x350x48\/","title":{"rendered":"Filtr EU5 do TECNA RCE 6500 V EC (800x350x48)"},"content":{"rendered":"<p>Filtr kasetowy klasy M5\/EU5 \u00a0o wymiarach 800x350x48mm pasuj\u0105cy do centrali\u00a0 TECNA RCE 6500 V EC Filtr\u00a0jest zamiennikiem. Nazwy urz\u0105dze\u0144, cz\u0119\u015bci i marek zosta\u0142y u\u017cyte w celu identyfikacji produktu.<\/p>\n<p>Poni\u017cej przedstawiamy sprzedawany produkt:<\/p>\n<p><img src=\"https:\/\/pureventfilters.eu\/5014-large_default\/filtr-eu5-do-tecna-rce-6500-v-ec-800x350x48.jpg\" alt=\"Filtr EU5 do TECNA RCE 6500 V EC (800x350x48)\" \/><\/p>\n","protected":false},"excerpt":{"rendered":"<p>Filtr kasetowy klasy M5\/EU5 \u00a0o wymiarach 800x350x48mm pasuj\u0105cy do centrali\u00a0 TECNA RCE 6500 V EC Filtr\u00a0jest zamiennikiem. Nazwy urz\u0105dze\u0144, cz\u0119\u015bci i marek zosta\u0142y u\u017cyte w celu identyfikacji produktu. Poni\u017cej przedstawiamy sprzedawany produkt:<\/p>\n","protected":false},"featured_media":111427,"template":"","meta":[],"_links":{"self":[{"href":"https:\/\/profitstore.pl\/index.php\/wp-json\/wp\/v2\/product\/102723"}],"collection":[{"href":"https:\/\/profitstore.pl\/index.php\/wp-json\/wp\/v2\/product"}],"about":[{"href":"https:\/\/profitstore.pl\/index.php\/wp-json\/wp\/v2\/types\/product"}],"wp:featuredmedia":[{"embeddable":true,"href":"https:\/\/profitstore.pl\/index.php\/wp-json\/wp\/v2\/media\/111427"}],"wp:attachment":[{"href":"https:\/\/profitstore.pl\/index.php\/wp-json\/wp\/v2\/media?parent=102723"}],"curies":[{"name":"wp","href":"https:\/\/api.w.org\/{rel}","templated":true}]}}