{"id":102553,"date":"2026-05-01T17:09:56","date_gmt":"2026-05-01T17:09:56","guid":{"rendered":"https:\/\/profitstore.pl\/index.php\/produkt\/filtr-eu7-do-rekuperatora-alnor-hru-ministair-450-605x215x45\/"},"modified":"2026-05-01T17:09:57","modified_gmt":"2026-05-01T17:09:57","slug":"filtr-eu7-do-rekuperatora-alnor-hru-ministair-450-605x215x45","status":"publish","type":"product","link":"https:\/\/profitstore.pl\/index.php\/produkt\/filtr-eu7-do-rekuperatora-alnor-hru-ministair-450-605x215x45\/","title":{"rendered":"Filtr EU7 do rekuperatora Alnor HRU-MinistAir 450 (605x215x45)"},"content":{"rendered":"<p>Filtry s\u0105 zamiennikami, nazwy producent\u00f3w i marek zosta\u0142y u\u017cyte w celu identyfikacji produktu. Zdj\u0119cie ma charakter pogl\u0105dowy<\/p>\n<p>Poni\u017cej przedstawiamy sprzedawany produkt:<\/p>\n<p><img src=\"https:\/\/pureventfilters.eu\/4267-large_default\/filtr-eu7-do-rekuperatora-alnor-hru-ministair-450-605x215x45.jpg\" alt=\"Filtr EU7 do rekuperatora Alnor HRU-MinistAir 450 (605x215x45)\" \/><\/p>\n","protected":false},"excerpt":{"rendered":"<p>Filtry s\u0105 zamiennikami, nazwy producent\u00f3w i marek zosta\u0142y u\u017cyte w celu identyfikacji produktu. Zdj\u0119cie ma charakter pogl\u0105dowy Poni\u017cej przedstawiamy sprzedawany produkt:<\/p>\n","protected":false},"featured_media":111420,"template":"","meta":[],"_links":{"self":[{"href":"https:\/\/profitstore.pl\/index.php\/wp-json\/wp\/v2\/product\/102553"}],"collection":[{"href":"https:\/\/profitstore.pl\/index.php\/wp-json\/wp\/v2\/product"}],"about":[{"href":"https:\/\/profitstore.pl\/index.php\/wp-json\/wp\/v2\/types\/product"}],"wp:featuredmedia":[{"embeddable":true,"href":"https:\/\/profitstore.pl\/index.php\/wp-json\/wp\/v2\/media\/111420"}],"wp:attachment":[{"href":"https:\/\/profitstore.pl\/index.php\/wp-json\/wp\/v2\/media?parent=102553"}],"curies":[{"name":"wp","href":"https:\/\/api.w.org\/{rel}","templated":true}]}}