{"id":102248,"date":"2026-04-22T17:09:35","date_gmt":"2026-04-22T17:09:35","guid":{"rendered":"https:\/\/profitstore.pl\/index.php\/produkt\/filtr-plaski-eu4-do-klimor-klimatherm-kcx-300-370x170\/"},"modified":"2026-04-22T17:09:37","modified_gmt":"2026-04-22T17:09:37","slug":"filtr-plaski-eu4-do-klimor-klimatherm-kcx-300-370x170","status":"publish","type":"product","link":"https:\/\/profitstore.pl\/index.php\/produkt\/filtr-plaski-eu4-do-klimor-klimatherm-kcx-300-370x170\/","title":{"rendered":"Filtr p\u0142aski EU4 do KLIMOR \/ KLIMATHERM KCX 300 (370&#215;170)"},"content":{"rendered":"<p>1szt. Filtra p\u0142askiego \u00a0pasuj\u0105cych do centrali KLIMOR \/ KLIMATHERM KCX300\u00a0 wykonanych z maty o klasie filtracji G4\/EU4. Mata obszyta na ramce z drutu stalowego. Wymiary\u00a0 filtra \u00a0 nawiewu \u00a0 370&#215;170 \u00a0mm Wymiary\u00a0 filtra \u00a0 wywiewu 370&#215;170 \u00a0mm Filtry s\u0105 zamiennikami, nazwa producenta zosta\u0142a u\u017cyta jedynie w celu identyfikacji produktu.<\/p>\n<p>Poni\u017cej przedstawiamy sprzedawany produkt:<\/p>\n<p><img src=\"https:\/\/pureventfilters.eu\/3356-large_default\/filtr-plaski-eu4-do-klimor-klimatherm-kcx-300-370x170.jpg\" alt=\"Filtr p\u0142aski EU4 do KLIMOR \/ KLIMATHERM KCX 300 (370x170)\" \/><\/p>\n","protected":false},"excerpt":{"rendered":"<p>1szt. Filtra p\u0142askiego \u00a0pasuj\u0105cych do centrali KLIMOR \/ KLIMATHERM KCX300\u00a0 wykonanych z maty o klasie filtracji G4\/EU4. Mata obszyta na ramce z drutu stalowego. Wymiary\u00a0 filtra \u00a0 nawiewu \u00a0 370&#215;170 \u00a0mm Wymiary\u00a0 filtra \u00a0 wywiewu 370&#215;170 \u00a0mm Filtry s\u0105 zamiennikami, nazwa producenta zosta\u0142a u\u017cyta jedynie w celu identyfikacji produktu. Poni\u017cej przedstawiamy sprzedawany produkt:<\/p>\n","protected":false},"featured_media":111384,"template":"","meta":[],"_links":{"self":[{"href":"https:\/\/profitstore.pl\/index.php\/wp-json\/wp\/v2\/product\/102248"}],"collection":[{"href":"https:\/\/profitstore.pl\/index.php\/wp-json\/wp\/v2\/product"}],"about":[{"href":"https:\/\/profitstore.pl\/index.php\/wp-json\/wp\/v2\/types\/product"}],"wp:featuredmedia":[{"embeddable":true,"href":"https:\/\/profitstore.pl\/index.php\/wp-json\/wp\/v2\/media\/111384"}],"wp:attachment":[{"href":"https:\/\/profitstore.pl\/index.php\/wp-json\/wp\/v2\/media?parent=102248"}],"curies":[{"name":"wp","href":"https:\/\/api.w.org\/{rel}","templated":true}]}}