{"id":102183,"date":"2026-04-21T17:00:30","date_gmt":"2026-04-21T17:00:30","guid":{"rendered":"https:\/\/profitstore.pl\/index.php\/produkt\/filtr-powietrza-eu5-komfovent-kompakt-rego-1200p-420x410x46\/"},"modified":"2026-04-21T17:00:30","modified_gmt":"2026-04-21T17:00:30","slug":"filtr-powietrza-eu5-komfovent-kompakt-rego-1200p-420x410x46","status":"publish","type":"product","link":"https:\/\/profitstore.pl\/index.php\/produkt\/filtr-powietrza-eu5-komfovent-kompakt-rego-1200p-420x410x46\/","title":{"rendered":"Filtr powietrza EU5 KOMFOVENT KOMPAKT REGO 1200P (420x410x46)"},"content":{"rendered":"<p>Filtr kasetowy klasy M5\/EU5 pasuj\u0105cy do centrali wentylacyjnej KOMFOVENT KOMPAKT REGO 1200P (VERSRO R 1200 F). Filtr kasetowy Wymiary: 420x410x46 Klasa filtracji wg EN 779:2012 : M5 Wk\u0142ad filtra: mata plisowana MiniPleat Filtr\u00a0jest zamiennikiem. Nazwy urz\u0105dze\u0144, cz\u0119\u015bci i marek zosta\u0142y u\u017cyte w celu identyfikacji produktu.<\/p>\n<p>Poni\u017cej przedstawiamy sprzedawany produkt:<\/p>\n<p><img src=\"https:\/\/pureventfilters.eu\/559-large_default\/filtr-powietrza-eu5-komfovent-kompakt-rego-1200p-420x410x46.jpg\" alt=\"Filtr powietrza EU5 KOMFOVENT KOMPAKT REGO 1200P (420x410x46)\" \/><\/p>\n","protected":false},"excerpt":{"rendered":"<p>Filtr kasetowy klasy M5\/EU5 pasuj\u0105cy do centrali wentylacyjnej KOMFOVENT KOMPAKT REGO 1200P (VERSRO R 1200 F). Filtr kasetowy Wymiary: 420x410x46 Klasa filtracji wg EN 779:2012 : M5 Wk\u0142ad filtra: mata plisowana MiniPleat Filtr\u00a0jest zamiennikiem. Nazwy urz\u0105dze\u0144, cz\u0119\u015bci i marek zosta\u0142y u\u017cyte w celu identyfikacji produktu. Poni\u017cej przedstawiamy sprzedawany produkt:<\/p>\n","protected":false},"featured_media":111274,"template":"","meta":[],"_links":{"self":[{"href":"https:\/\/profitstore.pl\/index.php\/wp-json\/wp\/v2\/product\/102183"}],"collection":[{"href":"https:\/\/profitstore.pl\/index.php\/wp-json\/wp\/v2\/product"}],"about":[{"href":"https:\/\/profitstore.pl\/index.php\/wp-json\/wp\/v2\/types\/product"}],"wp:featuredmedia":[{"embeddable":true,"href":"https:\/\/profitstore.pl\/index.php\/wp-json\/wp\/v2\/media\/111274"}],"wp:attachment":[{"href":"https:\/\/profitstore.pl\/index.php\/wp-json\/wp\/v2\/media?parent=102183"}],"curies":[{"name":"wp","href":"https:\/\/api.w.org\/{rel}","templated":true}]}}