{"id":102130,"date":"2026-04-30T07:28:30","date_gmt":"2026-04-30T07:28:30","guid":{"rendered":"https:\/\/profitstore.pl\/index.php\/produkt\/filtr-eu7-do-komfovent-domekt-r-700-f-c6m-375x368x46-epm1-70\/"},"modified":"2026-04-30T07:28:37","modified_gmt":"2026-04-30T07:28:37","slug":"filtr-eu7-do-komfovent-domekt-r-700-f-c6m-375x368x46-epm1-70","status":"publish","type":"product","link":"https:\/\/profitstore.pl\/index.php\/produkt\/filtr-eu7-do-komfovent-domekt-r-700-f-c6m-375x368x46-epm1-70\/","title":{"rendered":"Filtr EU7 do KOMFOVENT DOMEKT R 700 F C6M (375x368x46)  ePM1 70%"},"content":{"rendered":"<p>Filtr kasetowy pasuj\u0105cy do centrali wentylacyjnej\u00a0 KOMFOVENT DOMEKT R 700 F C6M . W rekuperatorze montowane s\u0105 2szt. filtr\u00f3w: 1szt. M5\u00a0375x368x46 + 1szt. F7\u00a0375x368x46 Filtry s\u0105 zamiennikami, nazwy producent\u00f3w i marek zosta\u0142y u\u017cyte w celu identyfikacji produktu.<\/p>\n<p>Poni\u017cej przedstawiamy sprzedawany produkt:<\/p>\n<p><img src=\"https:\/\/pureventfilters.eu\/4917-large_default\/filtr-eu7-do-komfovent-domekt-r-700-f-c6m-375x368x46-epm1-70.jpg\" alt=\"Filtr EU7 do KOMFOVENT DOMEKT R 700 F C6M (375x368x46)  ePM1 70%\" \/><\/p>\n","protected":false},"excerpt":{"rendered":"<p>Filtr kasetowy pasuj\u0105cy do centrali wentylacyjnej\u00a0 KOMFOVENT DOMEKT R 700 F C6M . W rekuperatorze montowane s\u0105 2szt. filtr\u00f3w: 1szt. M5\u00a0375x368x46 + 1szt. F7\u00a0375x368x46 Filtry s\u0105 zamiennikami, nazwy producent\u00f3w i marek zosta\u0142y u\u017cyte w celu identyfikacji produktu. Poni\u017cej przedstawiamy sprzedawany produkt:<\/p>\n","protected":false},"featured_media":111436,"template":"","meta":[],"_links":{"self":[{"href":"https:\/\/profitstore.pl\/index.php\/wp-json\/wp\/v2\/product\/102130"}],"collection":[{"href":"https:\/\/profitstore.pl\/index.php\/wp-json\/wp\/v2\/product"}],"about":[{"href":"https:\/\/profitstore.pl\/index.php\/wp-json\/wp\/v2\/types\/product"}],"wp:featuredmedia":[{"embeddable":true,"href":"https:\/\/profitstore.pl\/index.php\/wp-json\/wp\/v2\/media\/111436"}],"wp:attachment":[{"href":"https:\/\/profitstore.pl\/index.php\/wp-json\/wp\/v2\/media?parent=102130"}],"curies":[{"name":"wp","href":"https:\/\/api.w.org\/{rel}","templated":true}]}}