{"id":102112,"date":"2026-04-29T07:18:58","date_gmt":"2026-04-29T07:18:58","guid":{"rendered":"https:\/\/profitstore.pl\/index.php\/produkt\/filtr-eu7-do-komfovent-domekt-cf-200v-300v-c6m-365x132x46-epm1\/"},"modified":"2026-04-29T07:19:00","modified_gmt":"2026-04-29T07:19:00","slug":"filtr-eu7-do-komfovent-domekt-cf-200v-300v-c6m-365x132x46-epm1","status":"publish","type":"product","link":"https:\/\/profitstore.pl\/index.php\/produkt\/filtr-eu7-do-komfovent-domekt-cf-200v-300v-c6m-365x132x46-epm1\/","title":{"rendered":"Filtr EU7 do Komfovent Domekt  CF 200V \/ 300V C6M (365x132x46) ePM1"},"content":{"rendered":"<p>Filtr kasetowy pasuj\u0105cy do centrali wentylacyjnej\u00a0 KOMFOVENT DOMEKT CF 200 V C6M. W rekuperatorze montowane s\u0105 2szt. filtr\u00f3w: 1szt. M5\u00a0365x132x46 + 1szt. F7\u00a0365x132x46 Filtry s\u0105 zamiennikami, nazwy producent\u00f3w i marek zosta\u0142y u\u017cyte w celu identyfikacji produktu.<\/p>\n<p>Poni\u017cej przedstawiamy sprzedawany produkt:<\/p>\n<p><img src=\"https:\/\/pureventfilters.eu\/4921-large_default\/filtr-eu7-do-komfovent-domekt-cf-200v-300v-c6m-365x132x46-epm1-70.jpg\" alt=\"Filtr EU7 do Komfovent Domekt  CF 200V \/ 300V C6M (365x132x46) ePM1\" \/><\/p>\n","protected":false},"excerpt":{"rendered":"<p>Filtr kasetowy pasuj\u0105cy do centrali wentylacyjnej\u00a0 KOMFOVENT DOMEKT CF 200 V C6M. W rekuperatorze montowane s\u0105 2szt. filtr\u00f3w: 1szt. M5\u00a0365x132x46 + 1szt. F7\u00a0365x132x46 Filtry s\u0105 zamiennikami, nazwy producent\u00f3w i marek zosta\u0142y u\u017cyte w celu identyfikacji produktu. Poni\u017cej przedstawiamy sprzedawany produkt:<\/p>\n","protected":false},"featured_media":111470,"template":"","meta":[],"_links":{"self":[{"href":"https:\/\/profitstore.pl\/index.php\/wp-json\/wp\/v2\/product\/102112"}],"collection":[{"href":"https:\/\/profitstore.pl\/index.php\/wp-json\/wp\/v2\/product"}],"about":[{"href":"https:\/\/profitstore.pl\/index.php\/wp-json\/wp\/v2\/types\/product"}],"wp:featuredmedia":[{"embeddable":true,"href":"https:\/\/profitstore.pl\/index.php\/wp-json\/wp\/v2\/media\/111470"}],"wp:attachment":[{"href":"https:\/\/profitstore.pl\/index.php\/wp-json\/wp\/v2\/media?parent=102112"}],"curies":[{"name":"wp","href":"https:\/\/api.w.org\/{rel}","templated":true}]}}