{"id":101920,"date":"2026-05-15T07:26:34","date_gmt":"2026-05-15T07:26:34","guid":{"rendered":"https:\/\/profitstore.pl\/index.php\/produkt\/filtr-wody-wklad-blok-weglowy-osmoza-20-cali-cto-20-pvf\/"},"modified":"2026-05-15T07:26:35","modified_gmt":"2026-05-15T07:26:35","slug":"filtr-wody-wklad-blok-weglowy-osmoza-20-cali-cto-20-pvf","status":"publish","type":"product","link":"https:\/\/profitstore.pl\/index.php\/produkt\/filtr-wody-wklad-blok-weglowy-osmoza-20-cali-cto-20-pvf\/","title":{"rendered":"FILTR WODY WK\u0141AD BLOK W\u0118GLOWY OSMOZA -20 cali CTO-20-PVF"},"content":{"rendered":"<p>Najlepszy wk\u0142ad w\u0119glowy, do system\u00f3w odwr\u00f3conej osmozy \u00ad produkt Polskiej marki PVF, przeznaczony do dowolnego filtra osmotycznego \u00ad polecamy w przypadku oczekiwania od filtra maksymalnej zdolno\u015bci filtracji, czysto\u015bci wody i przed\u0142u\u017cania \u017cywotno\u015bci membrany RO.\u00a0 \u00a0 AC\u00adCTO\u00ad ma standardowe wymiary: 10 cali wysoko\u015bci (oko\u0142o 25 cm) i 2,5 cala \u015brednicy (oko\u0142o 6 cm). Standardowo montowany w filtrach osmotycznych tego polskiego producenta. Podane wymiary s\u0105 zgodne ze standardem, dzi\u0119ki czemu wk\u0142ad mo\u017cna zainstalowa\u0107 w dowolnym filtrze RO z filtracj\u0105 wst\u0119pn\u0105 opart\u0105 o pionowe obudowy (2 lub 3 korpusy). Cech\u0105 charakterystyczn\u0105 wk\u0142ad\u00f3w w\u0119glowych AC\u00adCTO\u00ad jest najwy\u017cszej jako\u015bci z\u0142o\u017ce w\u0119gla aktywowanego , kt\u00f3re zosta\u0142o u\u017cyte do produkcji wk\u0142adu. W\u0119giel selekcjonowany, o okre\u015blonym zakresie granulatu, zapewnia sta\u0142e parametry w ka\u017cdej warstwie spiekanego bloku w\u0119glowego. Jednorodna struktura wk\u0142adu gwarantuje nawet dwukrotnie wi\u0119ksz\u0105 zdolno\u015b\u0107 wychwytywania zanieczyszcze\u0144 ni\u017c ma to miejsce w tanich wk\u0142adach \u00ad blokach w\u0119glowych. Wewn\u0119trzna i zewn\u0119trza pow\u0142oka, zabezpieczaj\u0105 filtr wody przed wydostaniem si\u0119 z wk\u0142adu drobin spieczonego granulatu. Rozwi\u0105zanie to jest r\u00f3wnie\u017c istotne w sytuacji, gdy wk\u0142ad w\u0119glowy instalowany jest na instalacji wodnej w korpusach, gdzie nie mo\u017cna dopu\u015bci\u0107 do wydostania si\u0119 drobin w\u0119gla, kt\u00f3re mog\u0105 zatka\u0107 elementy armatury. Bardzo du\u017ca \u017cywotno\u015b\u0107 do 18 tys. litr\u00f3w wody! Drugim kryterium decyduj\u0105cym o konieczno\u015bci wymiany wk\u0142adu na nowy, jest okres jego u\u017cywania, kt\u00f3ry dla wk\u0142ad\u00f3w w\u0119glowych nie powinien przekracza\u0107 6\u00adciu miesi\u0119cy (decyduj\u0105 o tym zjawiska chemiczne zwi\u0105zane z w\u0119glem).<\/p>\n<p>Poni\u017cej przedstawiamy sprzedawany produkt:<\/p>\n<p><img src=\"https:\/\/pureventfilters.eu\/3474-large_default\/filtr-wody-wklad-blok-weglowy-osmoza-20-cali-cto-20-pvf.jpg\" alt=\"FILTR WODY WK\u0141AD BLOK W\u0118GLOWY OSMOZA -20 cali CTO-20-PVF\" \/><\/p>\n","protected":false},"excerpt":{"rendered":"<p>Najlepszy wk\u0142ad w\u0119glowy, do system\u00f3w odwr\u00f3conej osmozy \u00ad produkt Polskiej marki PVF, przeznaczony do dowolnego filtra osmotycznego \u00ad polecamy w przypadku oczekiwania od filtra maksymalnej zdolno\u015bci filtracji, czysto\u015bci wody i przed\u0142u\u017cania \u017cywotno\u015bci membrany RO.\u00a0 \u00a0 AC\u00adCTO\u00ad ma standardowe wymiary: 10 cali wysoko\u015bci (oko\u0142o 25 cm) i 2,5 cala \u015brednicy (oko\u0142o 6 cm). Standardowo montowany w [&hellip;]<\/p>\n","protected":false},"featured_media":111389,"template":"","meta":[],"_links":{"self":[{"href":"https:\/\/profitstore.pl\/index.php\/wp-json\/wp\/v2\/product\/101920"}],"collection":[{"href":"https:\/\/profitstore.pl\/index.php\/wp-json\/wp\/v2\/product"}],"about":[{"href":"https:\/\/profitstore.pl\/index.php\/wp-json\/wp\/v2\/types\/product"}],"wp:featuredmedia":[{"embeddable":true,"href":"https:\/\/profitstore.pl\/index.php\/wp-json\/wp\/v2\/media\/111389"}],"wp:attachment":[{"href":"https:\/\/profitstore.pl\/index.php\/wp-json\/wp\/v2\/media?parent=101920"}],"curies":[{"name":"wp","href":"https:\/\/api.w.org\/{rel}","templated":true}]}}