{"id":101783,"date":"2026-04-21T07:18:53","date_gmt":"2026-04-21T07:18:53","guid":{"rendered":"https:\/\/profitstore.pl\/index.php\/produkt\/filtr-eu7-do-systemair-save-vsr-150-258x244x48\/"},"modified":"2026-04-21T07:18:57","modified_gmt":"2026-04-21T07:18:57","slug":"filtr-eu7-do-systemair-save-vsr-150-258x244x48","status":"publish","type":"product","link":"https:\/\/profitstore.pl\/index.php\/produkt\/filtr-eu7-do-systemair-save-vsr-150-258x244x48\/","title":{"rendered":"Filtr EU7 do SYSTEMAIR SAVE VSR 150 (258x244x48)"},"content":{"rendered":"<p>Filtr kasetowy klasy F7\/EU7 pasuj\u0105cych do centrali wentylacyjnej\u00a0 SYSTEMAIR SAVE VSR 150. Zamiennik filtra o kodzie\u00a0 PFVSR\u00a0150 F7, 208233. Filtry s\u0105 zamiennikami, nazwy producent\u00f3w i marek zosta\u0142y u\u017cyte w celu identyfikacji produktu.<\/p>\n<p>Poni\u017cej przedstawiamy sprzedawany produkt:<\/p>\n<p><img src=\"https:\/\/pureventfilters.eu\/4043-large_default\/filtr-eu7-do-systemair-save-vsr-150-258x244x48.jpg\" alt=\"Filtr EU7 do SYSTEMAIR SAVE VSR 150 (258x244x48)\" \/><\/p>\n","protected":false},"excerpt":{"rendered":"<p>Filtr kasetowy klasy F7\/EU7 pasuj\u0105cych do centrali wentylacyjnej\u00a0 SYSTEMAIR SAVE VSR 150. Zamiennik filtra o kodzie\u00a0 PFVSR\u00a0150 F7, 208233. Filtry s\u0105 zamiennikami, nazwy producent\u00f3w i marek zosta\u0142y u\u017cyte w celu identyfikacji produktu. Poni\u017cej przedstawiamy sprzedawany produkt:<\/p>\n","protected":false},"featured_media":111402,"template":"","meta":[],"_links":{"self":[{"href":"https:\/\/profitstore.pl\/index.php\/wp-json\/wp\/v2\/product\/101783"}],"collection":[{"href":"https:\/\/profitstore.pl\/index.php\/wp-json\/wp\/v2\/product"}],"about":[{"href":"https:\/\/profitstore.pl\/index.php\/wp-json\/wp\/v2\/types\/product"}],"wp:featuredmedia":[{"embeddable":true,"href":"https:\/\/profitstore.pl\/index.php\/wp-json\/wp\/v2\/media\/111402"}],"wp:attachment":[{"href":"https:\/\/profitstore.pl\/index.php\/wp-json\/wp\/v2\/media?parent=101783"}],"curies":[{"name":"wp","href":"https:\/\/api.w.org\/{rel}","templated":true}]}}