{"id":13,"date":"2019-07-03T08:00:58","date_gmt":"2019-07-03T08:00:58","guid":{"rendered":"https:\/\/profitstore.pl\/?page_id=13"},"modified":"2020-10-19T14:14:03","modified_gmt":"2020-10-19T14:14:03","slug":"strona-glowna","status":"publish","type":"page","link":"https:\/\/profitstore.pl\/","title":{"rendered":"Strona g\u0142\u00f3wna"},"content":{"rendered":"<div class=\"woocommerce columns-3 \"><ul class=\"products columns-3\">\n<li class=\"product type-product post-1521 status-publish first instock product_cat-promocje product_cat-promowane has-post-thumbnail featured taxable shipping-taxable purchasable product-type-variable\">\n\t<em class=\"wcpv-sold-by-loop\">Sold By: <a href=\"https:\/\/profitstore.pl\/index.php\/vendor\/lozka\/\" title=\"\u0141\u00f3\u017cka\">\u0141\u00f3\u017cka<\/a><\/em><\/li>\n<\/ul>\n<\/div>\n","protected":false},"excerpt":{"rendered":"","protected":false},"author":1,"featured_media":0,"parent":0,"menu_order":0,"comment_status":"closed","ping_status":"closed","template":"homepage.php","meta":[],"_links":{"self":[{"href":"https:\/\/profitstore.pl\/index.php\/wp-json\/wp\/v2\/pages\/13"}],"collection":[{"href":"https:\/\/profitstore.pl\/index.php\/wp-json\/wp\/v2\/pages"}],"about":[{"href":"https:\/\/profitstore.pl\/index.php\/wp-json\/wp\/v2\/types\/page"}],"author":[{"embeddable":true,"href":"https:\/\/profitstore.pl\/index.php\/wp-json\/wp\/v2\/users\/1"}],"replies":[{"embeddable":true,"href":"https:\/\/profitstore.pl\/index.php\/wp-json\/wp\/v2\/comments?post=13"}],"version-history":[{"count":12,"href":"https:\/\/profitstore.pl\/index.php\/wp-json\/wp\/v2\/pages\/13\/revisions"}],"predecessor-version":[{"id":23129,"href":"https:\/\/profitstore.pl\/index.php\/wp-json\/wp\/v2\/pages\/13\/revisions\/23129"}],"wp:attachment":[{"href":"https:\/\/profitstore.pl\/index.php\/wp-json\/wp\/v2\/media?parent=13"}],"curies":[{"name":"wp","href":"https:\/\/api.w.org\/{rel}","templated":true}]}}